tor of 37380 and 35.
35
Calculate the greatest common divisor of 242 and 156211.
121
Calculate the highest common divisor of 2523474 and 10989.
999
Calculate the greatest common factor of 7854 and 225624.
714
Calculate the greatest common factor of 1224 and 2862.
18
Calculate the highest common divisor of 117 and 365833.
13
What is the highest common factor of 24 and 46160?
8
What is the highest common divisor of 15 and 3265?
5
What is the greatest common factor of 425 and 5219?
17
Calculate the greatest common divisor of 231037 and 926.
463
Calculate the greatest common divisor of 300 and 18490.
10
What is the greatest common factor of 540 and 670?
10
Calculate the greatest common factor of 174873 and 71.
71
What is the greatest common divisor of 7285268 and 556?
556
What is the highest common divisor of 14455 and 1782095?
2065
Calculate the highest common divisor of 5555 and 1320.
55
What is the highest common factor of 129970 and 1640?
410
What is the greatest common factor of 684 and 6894036?
684
What is the greatest common factor of 500 and 23525?
25
What is the greatest common factor of 1297865 and 15?
5
Calculate the greatest common divisor of 33627 and 1353.
33
Calculate the greatest common factor of 924 and 1340493.
231
What is the greatest common factor of 18560 and 34640?
80
What is the highest common divisor of 1150 and 6550?
50
What is the highest common divisor of 2959889 and 37?
37
What is the greatest common divisor of 1299705 and 1650?
165
What is the highest common factor of 51 and 2516?
17
What is the greatest common factor of 580 and 410?
10
Calculate the highest common factor of 1230 and 5991330.
1230
What is the greatest common divisor of 152 and 24301?
19
What is the greatest common divisor of 6 and 13178?
2
What is the greatest common factor of 31752 and 26568?
648
Calculate the highest common divisor of 102 and 246.
6
What is the greatest common divisor of 13457044 and 116?
116
What is the greatest common divisor of 159 and 282066?
159
What is the highest common divisor of 3945 and 5185?
5
Calculate the greatest common factor of 2080 and 6851.
13
What is the greatest common factor of 5227685 and 2326?
1163
Calculate the highest common factor of 1097345 and 95.
95
What is the highest common factor of 490 and 195755?
245
What is the greatest common divisor of 4840 and 63250?
110
Calculate the greatest common factor of 467 and 201277.
467
What is the greatest common factor of 26657 and 38?
19
What is the greatest common factor of 207 and 20277?
9
What is the highest common factor of 155 and 54808?
31
What is the greatest common divisor of 4620 and 16500?
660
What is the highest common divisor of 1430 and 165022?
286
What is the highest common divisor of 108 and 83457?
27
Calculate the highest common divisor of 47168 and 4096.
64
What is the highest common divisor of 3982 and 1166?
22
Calculate the highest common factor of 5780 and 180.
20
What is the greatest common divisor of 295 and 1285?
5
What is the highest common divisor of 296 and 43845?
37
What is the highest common divisor of 354 and 323025?
177
Calculate the highest common divisor of 25497 and 657.
9
Calculate the highest common factor of 222453 and 99.
99
What is the greatest common factor of 228721 and 662?
331
Calculate the greatest common divisor of 33498 and 1458.
18
Calculate the greatest common divisor of 57 and 24.
3
Calculate the greatest common factor of 352 and 1166.
22
What is the greatest common divisor of 11 and 25021392?
11
Calculate the highest common factor of 6 and 1526262.
6
What is the highest common divisor of 162 and 5103?
81
What is the highest common factor of 33221 and 9799?
239
Calculate the greatest common divisor of 321552 and 176.
176
Calculate the greatest common divisor of 9000 and 7575.
75
Calculate the greatest common factor of 392 and 40229.
49
Calculate the highest common factor of 553563 and 9.
9
Calculate the highest common divisor of 347459 and 9604.
343
Calculate the greatest common factor of 65 and 149305.
65
What is the highest common divisor of 13547 and 87761?
589
Calculate the highest common factor of 2400 and 1696.
32
What is the highest common factor of 13 and 62608?
13
Calculate the greatest common factor of 410 and 43770.
10
What is the highest common factor of 12 and 309124?
4
What is the greatest common factor of 2363 and 4448?
139
What is the greatest common divisor of 710960 and 240?
80
Calculate the highest common divisor of 144084 and 24.
12
What is the highest common factor of 1331 and 7139?
121
What is the highest common divisor of 897 and 429?
39
Calculate the greatest common factor of 87714 and 54.
18
Calculate the greatest common divisor of 108 and 139212.
108
What is the highest common divisor of 567 and 4284?
63
Calculate the greatest common factor of 57393 and 36.
9
What is the highest common divisor of 1094380 and 40?
20
Calculate the greatest common factor of 138 and 402.
6
What is the greatest common factor of 360 and 25390?
10
Calculate the greatest common factor of 34223 and 21.
7
Calculate the highest common factor of 391 and 140369.
391
Calculate the highest common divisor of 2921033 and 43.
43
Calculate the highest common divisor of 80 and 40688.
16
Calculate the highest common factor of 1015 and 174755.
35
Calculate the greatest common factor of 33 and 24981.
33
What is the greatest common divisor of 2680465 and 185?
185
Calculate the greatest common divisor of 456 and 72808.
152
What is the greatest common factor of 19692152 and 8?
8
Calculate the highest common divisor of 5880 and 96236.
196
What is the highest common factor of 53511 and 5?
1
Calculate the highest common factor of 6318 and 147744.
486
What is the greatest common divisor of 1671 and 13?
1
What is the greatest common factor of 165 and 88905?
15
What is the greatest common divisor of 185 and 41995?
185
What is the highest common factor of 14499 and 14256?
81
What is the highest common factor of 2324 and 896?
28
Calculate the greatest common factor of 492 and 96.
12
What is the greatest common factor of 131004 and 10368?
108
What is the greatest common divisor of 1070448 and 12?
12
What is the greatest common factor of 2429008 and 16?
16
What is the greatest common factor of 13 and 43231?
1
Calculate the greatest common factor of 831 and 77837.
277
What is the greatest common divisor of 6 and 278094?
6
Calculate the greatest common factor of 310 and 60440.
10
Calculate the highest common factor of 610 and 3732285.
305
What is the greatest common divisor of 295139 and 22776?
949
Calculate the highest common factor of 16 and 4264.
8
What is the highest common divisor of 9680 and 400?
80
What is the highest common divisor of 273 and 102291?
21
What is the greatest common divisor of 604954 and 392?
98
What is the greatest common divisor of 4769 and 24491?
19
Calculate the greatest common factor of 15535 and 1625.
65
What is the highest common divisor of 6639022 and 403?
403
Calculate the greatest common factor of 276 and 379914.
138
What is the greatest common factor of 328 and 536?
8
Calculate the greatest common divisor of 295 and 35931.
59
What is the highest common factor of 28 and 218092?
28
Calculate the greatest common divisor of 40 and 8440.
40
What is the highest common divisor of 8140 and 1007140?
740
What is the highest common divisor of 2548 and 54236?
364
What is the greatest common divisor of 15903 and 8091?
279
What is the greatest common factor of 268824 and 4048?
184
What is the highest common divisor of 448 and 324?
4
What is the highest common divisor of 59060 and 180?
20
Calculate the greatest common factor of 349785 and 135.
135
Calculate the greatest common factor of 4104 and 13870.
38
Calculate the greatest common divisor of 820 and 3575692.
164
Calculate the highest common divisor of 33 and 43461.
33
Calculate the greatest common factor of 45 and 24147.
9
What is the greatest common factor of 21531 and 222?
3
What is the greatest common factor of 173126 and 214?
214
What is the greatest common factor of 90 and 9342?
18
What is the highest common factor of 1000 and 2984?
8
Calculate the highest common divisor of 825 and 27555.
165
What is the greatest common divisor of 235 and 611?
47
Calculate the great